((-3 - -3) + z)?
2, 7
Let w(y) = -y**3 + 5*y**2 + 4*y - 6. What are the prime factors of w(5)?
2, 7
Let h = 77 - 31. Suppose 3*z - 4*z - h = -5*r, 0 = -3*r - 5*z + 50. Let o = r - 3. List the prime factors of o.
7
Let h = -3 - -4. Let j = 1 + h. Let g(m) = 2*m - 2. List the prime factors of g(j).
2
Let q = 170 - 81. Suppose 3*a - 49 - q = -4*f, 4*f + 230 = 5*a. Let d = a - 32. List the prime factors of d.
2, 7
Let u(n) = 5*n - 5. List the prime factors of u(5).
2, 5
Let v(s) be the second derivative of s**4/12 - 2*s**3/3 - 4*s**2 + 2*s. Let m be v(6). Suppose m*d = -4 + 36. List the prime factors of d.
2
Let c be (-5)/2*(-3 - -1). Suppose -3*s + s + c*x + 10 = 0, 6 = -3*x. Suppose 2*d + 0*d - 36 = s. List the prime factors of d.
2, 3
Let h be (-27)/4 + -2 + 14/8. Let a(m) = -3*m**2 + 10*m + 11. Let k(i) = -8*i**2 + 30*i + 32. Let s(b) = 11*a(b) - 4*k(b). What are the prime factors of s(h)?
2, 7
Let l(s) = 141*s - 25. List the prime factors of l(3).
2, 199
Let p(z) be the third derivative of z**8/3360 + z**6/720 - z**5/30 + z**2. Let k(v) be the third derivative of p(v). What are the prime factors of k(1)?
7
Let w be 3/6*(-1 + 37). Suppose 4*h + n - 4*n = 20, 0 = 2*h + n. Suppose -a = -2*a - h, 2*i + 2*a = w. List the prime factors of i.
11
Let s(b) = -89*b + 1. What are the prime factors of s(-1)?
2, 3, 5
Let g = 9 + -5. Suppose -3*i + 26 + g = 0. What are the prime factors of i?
2, 5
Let a = 117 + -96. List the prime factors of a.
3, 7
Suppose f - 3*n + n - 60 = 0, -f + 5*n + 75 = 0. Suppose 4*u = 2*z + f, 3*z + z + 45 = 3*u. What are the prime factors of u?
11
Suppose 0*v = 2*v. Suppose v = -w - 2*q + 21 + 11, 3*q + 51 = 3*w. List the prime factors of w.
2, 11
Let c(w) = w**2 + 7*w + 3. Let i be c(-6). Let p be (-28)/(-6) + (-1)/i. Suppose 69 = p*m + 24. List the prime factors of m.
3
Let n be 2/7 + (-65)/7. Let i = -25 - -45. Let u = n + i. List the prime factors of u.
11
Suppose -2*l - 14 = -64. What are the prime factors of l?
5
Suppose 4*i - 2*i - 6 = 0. List the prime factors of i.
3
Let k = 3 - -3. What are the prime factors of k?
2, 3
Suppose 335 = 4*h - 129. List the prime factors of h.
2, 29
Suppose 4*x - 8 = 8. Suppose 2*c - 26 = p + 6, x*c - 52 = 5*p. List the prime factors of c.
2, 3
Let y be (-108)/(-15)*20/3. Suppose -12 + y = 3*s. What are the prime factors of s + (-3)/((-9)/(-6))?
2, 5
What are the prime factors of 345/(-20)*8/(-3)?
2, 23
Suppose 2*g + 3*s = 25, 2*g - 2*s + 12 = 3*g. Suppose 4*i - g = 14. List the prime factors of i.
7
Suppose 0 = h - 58 - 6. Suppose 5*f + 42 + 4 = 2*w, -4*w + h = -3*f. What are the prime factors of w?
13
Let j(r) = -113*r**3 + r. Let y be j(-1). Suppose 2 = -5*z + y. List the prime factors of z.
2, 11
Let r(k) = k**3 + 6*k**2 + k. Let i be r(-6). Suppose 2*a + a - 79 = 4*o, -4*a = 5*o - 64. What are the prime factors of 4/i - (-119)/a?
5
Suppose -2*h = 4*j - 34, j - 3*j = 4*h - 8. Let o(g) = g**3 - 10*g**2 + 13. List the prime factors of o(j).
13
Suppose -5*i = -16 + 1. Suppose -5*v + i = -p + 1, -4*v + 16 = 0. List the prime factors of p.
2, 3
Let s(r) = 5*r**2 + r + 9. What are the prime factors of s(-5)?
3, 43
Let f(v) = -6*v - 3. Let y be f(-7). Suppose 5*o + l = y, -3*o + 3*l + 23 = 2*o. List the prime factors of o.
7
Suppose 4 = 3*p - 8. Suppose 0 = -p*r + 20, -r = 5*f - 4*f - 18. List the prime factors of f.
13
List the prime factors of (-2)/36*-4 + (-3016)/(-117).
2, 13
Let z be (1/(-2))/(3/54). Let k = 12 - z. What are the prime factors of k?
3, 7
Suppose 0 = -2*c - 3*s + 507, 3*s = 3*c + 6*s - 762. List the prime factors of c.
3, 5, 17
Suppose 0*u - 154 = -5*f - 4*u, 0 = u + 4. Let d = f + -20. What are the prime factors of d?
2, 7
Let r = -387 + 628. What are the prime factors of r?
241
Let v = 9 + -7. Suppose -b - v*m = -3*m - 2, -12 = -3*b + m. What are the prime factors of b?
5
Suppose 5*g - 75 = -0*g. List the prime factors of ((-6)/g)/(-1)*65.
2, 13
What are the prime factors of (42/(-28))/(1/96*-2)?
2, 3
Let v = 0 - 0. Let g = 2 - v. Let m(p) = -p**3 + 4*p**2 + p + 1. What are the prime factors of m(g)?
11
Let l(v) = -v**3 + 12*v - 7. List the prime factors of l(3).
2
Let j = -68 - -211. List the prime factors of j.
11, 13
Let o(y) = 3*y**2 + 10*y + 5. Let i(d) = -10*d**2 - 30*d - 16. Let h(v) = -2*i(v) - 7*o(v). What are the prime factors of h(-9)?
2, 3
Let h = 258 + 120. List the prime factors of h.
2, 3, 7
Suppose -6*j = -747 - 441. What are the prime factors of j?
2, 3, 11
Let t(p) be the first derivative of -p**4/4 - 2*p**3 - 3*p**2/2 - 9*p - 5. List the prime factors of t(-6).
3
Let x(d) = d**3 - 2*d**2 + 4*d - 2. Let i be x(5). Suppose 0*j - i = -3*j. What are the prime factors of j?
31
Let j(i) = 4*i**2 - 17*i + 12. What are the prime factors of j(5)?
3
Suppose -32*f + 28*f = -136. List the prime factors of f.
2, 17
List the prime factors of (-6)/14 - 1380/(-35) - 0.
3, 13
Let d = 18 + 41. List the prime factors of d.
59
List the prime factors of 14/(5/((-100)/(-8))).
5, 7
Let j(z) be the third derivative of z**5/12 - z**4/12 - z**3/3 - z**2. Suppose 0 = -k + 2*i + 6, 5*i = -23 + 3. List the prime factors of j(k).
2, 11
Let o(q) = 6*q**2 + 3*q - 10. List the prime factors of o(-8).
2, 5, 7
Suppose 0 = 2*v + 3*v. Suppose -6*s + s + 160 = v. Suppose -y - 3*y + s = 0. What are the prime factors of y?
2
Let g = 1 - -1. Suppose 5*m + 0 + 25 = 0, g*m + 10 = 4*o. Suppose o = 4*l - 5 - 39. What are the prime factors of l?
11
Let a be (-3 - -3)/1 - -43. Suppose j = 4*p - 2*j - 49, j = 3*p - a. List the prime factors of p.
2
Suppose 0 = -r + 14 + 14. What are the prime factors of r?
2, 7
Suppose -4*c = 5*l + 7 + 6, -2*l - 4 = 2*c. Suppose -4 = -0*v - 4*v. Suppose 4*t = -c*r + 51, -r - v + 6 = 0. List the prime factors of t.
3
Let f(r) = 3*r. Let n be f(0). Let l(o) = 7*o**2 + 1. Let x(p) = 4*p**2. Let t(d) = 3*l(d) - 5*x(d). List the prime factors of t(n).
3
Suppose -4*i = 5*g - 6*i - 67, -5*i = 2*g - 21. Let r = g - -6. Let c = r - 13. List the prime factors of c.
2, 3
Let q(h) = -h**3 + 6*h**2 + 2*h - 9. Let s be q(6). Suppose -s*u - 1 = 2. What are the prime factors of 2 - (2 + u*7)?
7
Let y(j) = -j**3 + 11*j**2 - j + 16. Let m be y(11). Suppose 5*f = -x + 175, m*x + 111 = -f + 5*f. What are the prime factors of f?
2, 17
Let i(j) = -j**2 + 22*j + 21. List the prime factors of i(17).
2, 53
Let v(q) = -4*q**2 + 37*q - 20. Let i(a) = a**2 - 9*a + 5. Let n(m) = -9*i(m) - 2*v(m). List the prime factors of n(5).
5
Suppose 2*s - 5*o = 652, -262 = -s - 2*o + 64. What are the prime factors of s?
2, 163
Let f = 166 - 59. List the prime factors of f.
107
What are the prime factors of -3 + (0 - 10/(-2))?
2
Suppose 0 = 4*d - 12, 4*h + 2*d = 217 + 65. List the prime factors of h.
3, 23
Let b(p) = -2*p - 15. Let v be b(-10). Suppose -33 = -4*r - v. What are the prime factors of r?
7
Let p = -228 - -321. What are the prime factors of p?
3, 31
Suppose w + w + z = 124, w - 2*z = 62. Suppose -w - 2 = -4*u. What are the prime factors of u?
2
Let i = 36 + -5. List the prime factors of i.
31
Let x = 31 + 7. What are the prime factors of x?
2, 19
Let m(a) = 4*a**2 + 2. Suppose o = -0*o + 2. List the prime factors of m(o).
2, 3
Suppose -3 - 1 = j + c, -5*j - 2*c = 8. Suppose -5*b + 3*x + 54 = 0, j*x + x = -2*b + 26. List the prime factors of b.
2, 3
Let s(c) = 4*c + 3*c + c. List the prime factors of s(2).
2
Let h(p) = -p**3 - p**2 - p. Let q(x) = 7*x**3 - 5*x**2 - 6*x - 2. Let m(i) = -6*h(i) - q(i). List the prime factors of m(12).
2
Suppose -5*m + 2*m + 90 = 0. What are the prime factors of m?
2, 3, 5
Suppose 5*f - 243 = 82. List the prime factors of f.
5, 13
Suppose -206 = 10*m - 1236. What are the prime factors of m?
103
Suppose -4 = 4*a, -4*a + a = -4*x - 57. Let o be 6/(-10) - 18/(-5). What are the prime factors of 17/o - (-10)/x?
5
Let b be 4 + -1 - (-4 - -2). List the prime factors of (b/2 - 3)*-24.
2, 3
Let w(l) = l**3 + 4*l**2 - 4*l - 5. Let c be w(-4). Suppose 3*i = -5*y + 29, -4*y = -9*y + 5*i + 45. Let r = c - y. List the prime factors of r.
2
Let t = 40 + -26. Suppose 4*i + t = 98. List the prime factors of i.
3, 7
Suppose 5*t + 20 = 5*v, -t = -3*v + 7*v - 21. Suppose v*x - 58 = 2. List the prime factors of x.
2, 3
Suppose -10*q - 3*q + 845 = 0. What are the prime factors of q?
